{"id":28,"date":"2020-10-14T11:29:51","date_gmt":"2020-10-14T14:29:51","guid":{"rendered":"https:\/\/cafepedraredonda.com.br\/loja\/?post_type=product&#038;p=28"},"modified":"2025-06-24T13:34:07","modified_gmt":"2025-06-24T16:34:07","slug":"cafe-pedra-redonda-premium-500g-moido","status":"publish","type":"product","link":"https:\/\/cafepedraredonda.com.br\/loja\/produto\/cafe-pedra-redonda-premium-500g-moido\/","title":{"rendered":"Caf\u00e9 Pedra Redonda Premium 500g Torrado e Mo\u00eddo"},"content":{"rendered":"<p>Caf\u00e9 Pedra Redonda Premium 500g Torrado e Mo\u00eddo<\/p>\n<p>\u2013 Colheita sustent\u00e1vel<br \/>\n\u2013 Certificado pela BSCA, UTZ e RAINFOREST ALLIANCE<br \/>\n\u2013 Produzido nas montanhas de Araponga MG (altitude 940 a 1400m)<br \/>\n\u2013 Caf\u00e9 Especial Premium<br \/>\n\u2013 100% Ar\u00e1bica<br \/>\n\u2013 Torra M\u00e9dia<br \/>\n\u2013 Sabor: Caramelo e Cana de a\u00e7ucar<br \/>\n\u2013 Aroma: Caramelo<br \/>\n\u2013 Acidez: M\u00e9dia<br \/>\n\u2013 Gosto remanescente prolongado<br \/>\n\u2013 Indicado para caf\u00e9 coado e espresso<br \/>\n\u2013 N\u00e3o cont\u00e9m gl\u00faten<br \/>\n\u2013 Imagem meramente ilustrativa<\/p>\n<p>*Favor adicionar 3 dias \u00fateis na data de entrega, para produ\u00e7\u00e3o do seu pedido caso n\u00e3o tenhamos o produto em estoque.<\/p>\n","protected":false},"excerpt":{"rendered":"<p>Caf\u00e9 Pedra Redonda Premium 500g Torrado e Mo\u00eddo \u2013 Colheita sustent\u00e1vel \u2013 Certificado pela BSCA, UTZ e RAINFOREST ALLIANCE \u2013 Produzido nas montanhas de Araponga MG (altitude 940 a 1400m) \u2013 Caf\u00e9 Especial Premium \u2013 100% Ar\u00e1bica \u2013 Torra M\u00e9dia \u2013 Sabor: Caramelo e Cana de a\u00e7ucar \u2013 Aroma: Caramelo \u2013 Acidez: M\u00e9dia \u2013 Gosto [&hellip;]<\/p>\n","protected":false},"featured_media":208,"comment_status":"open","ping_status":"closed","template":"","meta":[],"product_cat":[17],"product_tag":[],"_links":{"self":[{"href":"https:\/\/cafepedraredonda.com.br\/loja\/wp-json\/wp\/v2\/product\/28"}],"collection":[{"href":"https:\/\/cafepedraredonda.com.br\/loja\/wp-json\/wp\/v2\/product"}],"about":[{"href":"https:\/\/cafepedraredonda.com.br\/loja\/wp-json\/wp\/v2\/types\/product"}],"replies":[{"embeddable":true,"href":"https:\/\/cafepedraredonda.com.br\/loja\/wp-json\/wp\/v2\/comments?post=28"}],"wp:featuredmedia":[{"embeddable":true,"href":"https:\/\/cafepedraredonda.com.br\/loja\/wp-json\/wp\/v2\/media\/208"}],"wp:attachment":[{"href":"https:\/\/cafepedraredonda.com.br\/loja\/wp-json\/wp\/v2\/media?parent=28"}],"wp:term":[{"taxonomy":"product_cat","embeddable":true,"href":"https:\/\/cafepedraredonda.com.br\/loja\/wp-json\/wp\/v2\/product_cat?post=28"},{"taxonomy":"product_tag","embeddable":true,"href":"https:\/\/cafepedraredonda.com.br\/loja\/wp-json\/wp\/v2\/product_tag?post=28"}],"curies":[{"name":"wp","href":"https:\/\/api.w.org\/{rel}","templated":true}]}}